be (-29565)/35 - (-2)/(-7). Let l = s + 2076. Is l a composite number?
False
Suppose 9 = 3*x - 3, -23 = -3*i - 2*x. Suppose 0*f = -2*w - i*f + 1375, -683 = -w + 2*f. Is w prime?
False
Let f be (9/(-6))/((-2)/4). Suppose 22 = -f*g - 4*o - o, 5*o - 6 = 4*g. Is (-1)/(g + 8779/2195) prime?
False
Let s(v) = 27*v - 76. Is s(39) a composite number?
False
Suppose 0 = 2*v + 10, -4*m = -2*m - 4*v - 30. Let i(y) be the second derivative of 4*y**3/3 - 5*y**2/2 - 29*y. Is i(m) a composite number?
True
Let h(u) = u**3 + 5*u**2 - 2*u + 3. Let f be 20/170 - (-132)/34. Is h(f) composite?
False
Suppose -7*q - 2553 + 52554 = 0. Is q prime?
False
Let g(u) = u**2 - 4*u + 2. Let b be g(2). Let t be (12 - 13)*b/1. Suppose 35 + 27 = 4*i - z, t*i - 36 = 3*z. Is i a composite number?
True
Suppose 71*o = 67*o + 3*i + 142925, o - 3*i - 35738 = 0. Is o composite?
False
Let k(m) = 2*m**2 + 3*m - 2. Let q be k(-3). Suppose 0 = q*n + 901 - 3050. Is n composite?
False
Let u be 234/(2 + -1) + -3. Let j = u + -10. Suppose 5*h - j = -4*b, 0 = -b + 3*h - 8*h + 44. Is b composite?
False
Let l(n) = 2*n**3 + 2*n**2 + 11*n - 7. Let u be l(6). Is 1 - u/(-1) - 1 a composite number?
False
Let a = 2503 - 620. Is a composite?
True
Let m be (12/9)/(3/9). Suppose -2943 = m*x - 319. Let i = x + 1015. Is i a prime number?
True
Let v be ((-12)/(-14))/(4/28). Suppose v*d - 5*d = -46. Let h = -13 - d. Is h composite?
True
Let p = -19 - -23. Suppose 0 = -p*h - 5*x + 253, -2*h + 192 = h + 3*x. Is h a prime number?
True
Suppose 0 = -5*w - 9*w + 347662. Is w a composite number?
True
Suppose 203416 = 40*f - 32*f. Is f prime?
False
Let q be 0*((-20)/8 + 2). Is 241 - (1 - (q - 3)) a composite number?
True
Let p be (-20)/(-90) - (-76)/(-18). Let m be 1 + (-1 - p) + 1311. Suppose -f = 4*f - m. Is f prime?
True
Let v(d) = 10429*d + 372. Is v(5) prime?
True
Let y be 2255 - (0/1 + 2). Suppose 4*z = z + y. Is z a composite number?
False
Let w be 108/(-24) - (-1)/2 - -2. Is (w - 1050/4)/((-12)/24) a prime number?
False
Let g(f) = 11*f**2 + 35*f + 205. Is g(31) prime?
False
Let l = -2417 + 5850. Is l prime?
True
Let k(g) = -9 - 4 + 0*g + 3 + 5*g. Let l be k(3). Suppose o = l*o - 76. Is o a prime number?
True
Let b be ((-4)/(-6))/((-12)/(-72)). Suppose -5*q - v = -7, -3 = b*q + 3*v - 2. Suppose 0*d + q*d = 110. Is d a composite number?
True
Let z(p) = 2*p**3 - 30*p - p**3 + 0*p**3 - 3 + 22*p**2. Is z(-23) a prime number?
False
Let u = -146 + 263. Let c = 1046 + u. Is c composite?
False
Let p(g) = 5*g**2 + 6*g + 59. Is p(-8) a prime number?
True
Suppose -3*k + 4*y + 1 = 0, 2*k - 8*y + 3*y = -4. Let x be (-4 + k)/((-2)/8410). Suppose -x = 8*h - 13*h. Is h prime?
False
Let g be -3*((-18)/(-15))/(36/(-40)). Let j(s) be the second derivative of -s**5/20 + 7*s**4/12 + s**2/2 + s. Is j(g) a prime number?
False
Suppose 0 = -2*g - 0*g. Suppose g = 4*x - x - 1923. Is x a composite number?
False
Let n = 77 - 131. Let c be (n/36)/(2/(-4)). Is 1/(428/(-143) + c) composite?
True
Suppose -12*i + 3*m = -15*i + 1134, -5*i + 2*m + 1883 = 0. Is i a prime number?
False
Let n = -7191 - -13154. Is n a composite number?
True
Is ((-1382)/4)/((-3)/66) composite?
True
Let f(b) be the first derivative of 11*b**4/4 - 4*b**3/3 + 4*b**2 + b - 24. Is f(4) a prime number?
True
Let r(h) = h**3 + 2*h**2 - h - 5. Let g be r(-3). Let q(a) = 7*a**2 - 9*a + 21. Is q(g) composite?
False
Let j = 1379 - 785. Let c = j + 17. Let w = c + -304. Is w a prime number?
True
Let b = -2866 + 9219. Is b composite?
False
Let r(y) = y**3 - 2*y**2 - 4*y + 5. Suppose -2*i = -4 - 4. Let d be r(i). Is 2493/d + 2/7 a composite number?
True
Let d(v) = -v**2 + 20*v + 45. Let u(s) be the first derivative of 2*s**2 + 9*s - 8. Let k(g) = -2*d(g) + 11*u(g). Is k(-6) a composite number?
True
Let i(j) = 278*j - 47. Let n(h) = -185*h + 31. Let v(f) = -5*i(f) - 8*n(f). Is v(5) a composite number?
True
Let z(i) = -945*i + 20. Let s be z(-11). Let c = -6472 + s. Is c a prime number?
True
Let a be (-11)/(-9) + 2/(-9). Let i be (1 - -77 - -3) + a. Let y = -3 + i. Is y composite?
False
Let y(r) = 262*r**2 + r + 6. Suppose 19 = -3*n + 2*v, -2*n + 2*v - 11 = 5. Is y(n) a prime number?
False
Let y(c) = -c**3 + 4*c**2 - 2. Let t be y(-1). Suppose 0 = m + l - 2048, 3*m = m + t*l + 4121. Is m a composite number?
False
Let i = -1414 - -415. Let g = i + 639. Let j = g + 691. Is j prime?
True
Suppose -4*u - 4*t - 176 = 0, -6*t = -3*u - 3*t - 162. Let i(n) = 98*n**3 - 2*n**2 + n + 1. Let y be i(1). Let q = u + y. Is q a composite number?
True
Let j(o) = -4*o**3 - 1. Let b be j(-1). Suppose b*x = -28 + 1165. Is x a composite number?
False
Let j = -3 - 3. Let n(g) = -6*g**3 + 8*g**2 + 6*g - 3. Let w(h) = 7*h**3 - 9*h**2 - 7*h + 4. Let f(y) = j*n(y) - 5*w(y). Is f(4) a composite number?
True
Let n(l) = -l**3 + 13*l**2 - 22. Let r be n(11). Let i = r - 153. Is i a composite number?
False
Let n = 63 - 64. Let b(s) = -806*s + 3. Is b(n) composite?
False
Let c = 117 + -115. Is (163/3)/(c/6) - 2 composite?
True
Suppose -15*v = -11*v + a - 255912, -4*a + 319901 = 5*v. Is v composite?
False
Is 3/(-6)*-2557*(-5 - -7) composite?
False
Let s be 0/(-3 - (-4 - 0)). Let h(x) = -x**2 - 2*x - 769. Let t be h(s). Let z = -290 - t. Is z prime?
True
Suppose 10*v - 2950 = -b + 7*v, -5*v - 8808 = -3*b. Is b a composite number?
True
Let w be (-8)/52 + (-4)/(-26). Suppose w = s + d - 407, -2*s + 3*d = 2*s - 1642. Is s prime?
True
Let r be 0/(7/(7/(-3))). Suppose 184 = 4*l - r*l. Is l a composite number?
True
Is (2*4/(-12))/((-2)/73779) a prime number?
True
Let g = 2812 + 7050. Is g composite?
True
Let k(b) = -143*b - 31. Let v be k(-13). Let a = v + 117. Is a a prime number?
False
Let l(o) = o**3 - o**2. Let i be l(1). Suppose -f - 343 = -s, i = -s + 3*f + 48 + 299. Is s a prime number?
False
Suppose -3*s - 3*z = 6, -2*s + 0*z - 6 = 3*z. Suppose 5*r = r - 4, s = y - r - 3688. Is y/12 - (-2)/(-8) prime?
True
Let c = -6 + 10. Suppose c*t + 22 = 78. Suppose u - 12 = 6*s - 3*s, 0 = -2*u - 4*s + t. Is u a prime number?
False
Suppose -k = 3*b - 11, 5*b = 3*k - 0*k - 5. Let s be b/(-7) - 27/(-21). Let r(o) = 251*o**2. Is r(s) composite?
False
Let g be 192/15 + 2/10. Suppose -g*a = -8*a. Suppose -195 = -3*y - a*y. Is y prime?
False
Let f(y) = 8*y**2 + 2*y + 12. Let p be f(-4). Suppose -p - 105 = -3*u. Let i = 166 - u. Is i a composite number?
True
Let b(j) = 202*j**2 - 25*j - 9. Let l(r) = -67*r**2 + 8*r + 3. Let v(k) = -2*b(k) - 7*l(k). Is v(8) prime?
False
Let g = 22 - 16. Let v = -2 - g. Is (12/v)/((-6)/76) prime?
True
Suppose 0 = 3*p + 142 - 841. Let q = p + -122. Suppose 4*n = n + q. Is n a prime number?
True
Let h be (-308)/(-21) + 4/(-6). Suppose 2*m + 4 = h. Let r(j) = j**3 - 4*j**2 + 8*j - 8. Is r(m) a prime number?
False
Is ((-63)/6 - -11)*2*48563 prime?
True
Let c = -37603 - -101666. Is c a prime number?
True
Let k = 509 + 1392. Is k composite?
False
Is 6/(-4)*20728/(-12) a prime number?
True
Suppose -m + 1239 = -212. Is m prime?
True
Let r = 118 - -278. Suppose 0 = 3*d - r + 6. Let c = 27 + d. Is c a prime number?
True
Suppose -x + 3*m - 3 = 0, 2*m - 1 = 3*x - 3*m. Suppose -4*i + 4*y - 201 = -9*i, -4*y = -x*i + 95. Is i composite?
False
Let h(f) = 0*f**3 - f**3 + 4 - 4*f + 9*f**2 + 2*f**3 - 5*f**2. Let b be h(-6). Is 67/(1*(-4)/b) a prime number?
False
Suppose -5*f + r = -28, 4*r - 20 = -5*f + 3*f. Suppose -852 = f*k - 10*k. Is k composite?
True
Suppose -2*b - 56 + 48 = 0. Let h(m) = -12*m**3 + 5*m**2 + 2*m - 11. Is h(b) composite?
False
Is -3 - (-30020)/(-50)*15/(-3) composite?
False
Let h = 45 + -29. Let p = h - 14. Is ((-2)/p + 164)*1 prime?
True
Suppose -5*i - 5*g = -0*i - 12930, 5172 = 2*i + g. Let a = 3647 - i. Is a prime?
True
Is (-8 - (-30548)/12)/((-2)/(-6)) composite?
True
Let d(f) = -574*f + 69. Is d(-5) composite?
False
Let c = -446 + 3411. Is c a prime number?
False
Let j(u) = 4*u**2 + 26*u - 155. Is j(-28) a composite number?
True
Suppose -5*i + 161 = 3*g - 311, 4 = -i. Let t = 923 + g. Is t prime?
True
Let z(r) = r**3 - 25*r**2 - 41*r + 122. Is z(35) prime?
True
Let j = 32 + -24. Suppose 4*n = 2*n + j. Suppose u = -n*u + 370. Is u prime?
False
Suppose 79*c = 78*c + 2766. Let g = -1651 + c. Is g a composite number?
True
Is (-3)/6 - 99468/(-72) prime?
True
Let a(s) = 8100*s - 37. Is a(2) prime?
